{"id":434,"date":"2021-10-07T02:43:33","date_gmt":"2021-10-07T02:43:33","guid":{"rendered":"https:\/\/www.fie.umich.mx\/lab-electrica\/?page_id=434"},"modified":"2025-10-29T19:20:14","modified_gmt":"2025-10-29T19:20:14","slug":"reglamento","status":"publish","type":"page","link":"https:\/\/www.fie.umich.mx\/lab-electrica\/reglamento\/","title":{"rendered":"Reglamento"},"content":{"rendered":"<h3 style=\"text-align: center;\">Reglamento del Laboratorio de Ingenier\u00eda El\u00e9ctrica<\/h3>\n<p>&nbsp;<\/p>\n<p>&nbsp;<strong>Informaci\u00f3n para Alumnos<\/strong><\/p>\n<p style=\"text-align: left;\"><strong>1.- ALUMNOS CON HORARIO DE LABORATORIO. <\/strong><\/p>\n<p style=\"text-align: justify;\"><strong>&nbsp;<\/strong>Son los alumnos que cursan materias curriculares en el Laboratorio de Ingenier\u00eda El\u00e9ctrica y que hacen uso de las instalaciones del laboratorio en el horario correspondiente a dicha materia.<\/p>\n<p style=\"text-align: left;\"><strong>2.- USO DE LAS AREAS DE TRABAJO. <\/strong><\/p>\n<p style=\"text-align: justify; padding-left: 40px;\">a) Las \u00e1reas de trabajo que se denominan, LE M\u00e1quinas, LE Mesas y LE Mesas de Potencia, tienen una capacidad de 12 alumnos, cuyo l\u00edmite no podr\u00e1 ser sobrepasado sin la autorizaci\u00f3n del Jefe del Laboratorio.<\/p>\n<p style=\"text-align: justify; padding-left: 40px;\">b) Se dar\u00e1 prioridad al profesor que por horario tenga necesidad de utilizar las \u00e1reas de trabajo para la impartici\u00f3n de la materia asignada.<\/p>\n<p style=\"text-align: justify; padding-left: 40px;\">c) Si se hace necesario el uso del mismo espacio por alguna otra persona ajena al grupo en pr\u00e1ctica, se podr\u00e1 utilizar siempre y cuando el profesor de la materia en horario y el jefe del Laboratorio, den su consentimiento para tal fin, aunado a que se tenga disponibilidad tanto de equipo como de material.<\/p>\n<p style=\"text-align: justify; padding-left: 40px;\">d) Cuando se requiera el uso de un \u00e1rea y \u00e9sta se encuentre desocupada se podr\u00e1 usar por la persona solicitante y de preferencia teniendo la asesor\u00eda del profesor de la materia.<\/p>\n<p style=\"text-align: left; padding-left: 40px;\">&nbsp;<\/p>\n<p style=\"text-align: left;\"><strong>3.- USO DEL ALMACEN. <\/strong><\/p>\n<p style=\"text-align: justify;\"><strong>&nbsp;<\/strong>Ser\u00e1 responsabilidad del almac\u00e9n y equipo que se encuentra en \u00e9l, tanto al jefe, subjefe, t\u00e9cnicos y ayudantes de t\u00e9cnicos, quienes dispondr\u00e1n del equipo tanto para pr\u00e9stamo a grupos en horario como a personas fuera del mismo, previo vale al almac\u00e9n.<\/p>\n<p style=\"text-align: justify;\">Saliendo el equipo del almac\u00e9n dejar\u00e1n de ser responsables los anteriormente mencionados y su lugar lo ocupar\u00e1 el profesor de la materia quien reportar\u00e1 los da\u00f1os que se presenten a los equipos en uso, para que los responsables deslinden responsabilidades.<\/p>\n<p style=\"text-align: justify;\">En caso de que el equipo lo solicite un alumno \u00e9ste se responsabilizar\u00e1 del correcto uso y da\u00f1os posibles al mismo. As\u00ed mismo podr\u00e1 hacerse acreedor a las sanciones que la jefatura del laboratorio considere.<\/p>\n<p style=\"text-align: left;\"><strong>&nbsp;<\/strong><\/p>\n<p style=\"text-align: left;\"><strong>4.- USO DEL EQUIPO Y HERRAMIENTA. <\/strong><\/p>\n<p style=\"text-align: justify;\"><strong>&nbsp;<\/strong>Podr\u00e1n hacer uso del equipo y herramienta todo personal administrativo, acad\u00e9mico y alumnos que as\u00ed lo soliciten, dentro de las instalaciones del laboratorio previo vale al almac\u00e9n, acompa\u00f1ado de una identificaci\u00f3n vigente con fotograf\u00eda.<\/p>\n<p style=\"text-align: justify;\">Si por alg\u00fan motivo se requiriese del equipo fuera de las instalaciones antes mencionadas la autorizaci\u00f3n tendr\u00e1 que ser dada por el Jefe del Laboratorio.<\/p>\n<p style=\"text-align: justify;\">El personal solicitante se responsabilizar\u00e1 del buen uso que se le d\u00e9 al equipo y herramienta solicitada, haci\u00e9ndose acreedor a las sanciones que la jefatura considere en caso de da\u00f1ar el equipo o herramientas.<\/p>\n<p style=\"text-align: left;\">&nbsp;<\/p>\n<p style=\"text-align: left;\"><strong>5.- DE LAS SANCIONES A LOS USUARIOS. <\/strong><\/p>\n<p style=\"text-align: justify;\">En caso de que alg\u00fan usuario cometa alguna falta, la jefatura del laboratorio aplicar\u00e1 la sanci\u00f3n que a su juicio sea conveniente o turnar el caso al H. Consejo T\u00e9cnico de la Facultad si as\u00ed lo considera por ser una falta grave.<\/p>\n<p style=\"text-align: justify;\">Las sanciones que podr\u00e1n aplicarse a quienes violen las disposiciones de este reglamento, cometan da\u00f1o o realicen cualquier acto il\u00edcito en el Laboratorio son, de acuerdo a la falta cometida:<\/p>\n<p style=\"padding-left: 40px; text-align: left;\">a) Llamada de atenci\u00f3n verbal.<\/p>\n<p style=\"padding-left: 40px; text-align: left;\">b) Llamada de atenci\u00f3n escrita.<\/p>\n<p style=\"padding-left: 40px; text-align: left;\">c) Suspensi\u00f3n temporal del servicio.<\/p>\n<p style=\"padding-left: 40px; text-align: left;\">d) Suspensi\u00f3n definitiva del servicio.<\/p>\n<p style=\"padding-left: 40px; text-align: justify;\">e) La que dicten las autoridades correspondientes, en funci\u00f3n de la gravedad de la falta cometida, atendiendo a la legislaci\u00f3n Universitaria.<\/p>\n<p style=\"text-align: justify;\">Las llamadas de atenci\u00f3n podr\u00e1n ser aplicadas de inmediato por la jefatura del laboratorio, quien las registrar\u00e1 con el fin de llevar un control.<\/p>\n<p style=\"text-align: justify;\">Las faltas a lo establecido en el presente reglamento que cometan los usuarios ser\u00e1n reportadas por el encargado a la jefatura, para que \u00e9ste de la sanci\u00f3n correspondiente.<\/p>\n<p style=\"text-align: justify;\">La acumulaci\u00f3n de dos llamadas de atenci\u00f3n verbal y\/o escrita por un usuario, ameritar\u00e1 la suspensi\u00f3n temporal del servicio del laboratorio.<\/p>\n<p style=\"text-align: justify;\">El usuario ser\u00e1 suspendido definitivamente del laboratorio de acuerdo a los siguientes criterios:<\/p>\n<p style=\"padding-left: 40px; text-align: left;\">a) Reincidencia en el mal comportamiento.<\/p>\n<p style=\"padding-left: 40px; text-align: left;\">b) Da\u00f1os o alteraciones en las instalaciones.<\/p>\n<p style=\"padding-left: 40px; text-align: left;\">c) Da\u00f1os o alteraciones a equipo y herramienta ocasionados con dolo o negligencia.<\/p>\n<p style=\"padding-left: 40px; text-align: left;\">d) Extracci\u00f3n de material herramientas o equipo sin autorizaci\u00f3n.<\/p>\n<p style=\"padding-left: 40px; text-align: left;\">e) Robo de material, herramienta o equipo.<\/p>\n<p style=\"padding-left: 40px; text-align: left;\">f) Conducta inapropiada.<\/p>\n<p style=\"padding-left: 40px; text-align: left;\">g) Actos que pongan en peligro la seguridad de terceros ya sea por negligencia o por premeditaci\u00f3n.<\/p>\n<p style=\"text-align: justify;\">La suspensi\u00f3n temporal a un usuario podr\u00e1 contemplar de 1 a 8 semanas y se le comunicar\u00e1 por escrito, impidiendo su ingreso al laboratorio. Se turnar\u00e1 inmediatamente el caso a las autoridades correspondientes si un usuario incide en faltas de probidad, de honradez, en actos de violencia contra el personal, compa\u00f1eros, profesores, instalaciones o si se ha cometido una falta en extremo grave.<\/p>\n<p style=\"text-align: left;\">&nbsp;<\/p>\n<p style=\"text-align: center;\"><strong>Atentamente<\/strong><\/p>\n<p style=\"text-align: center;\"><strong>Jefe del Laboratorio de El\u00e9ctrica.<\/strong><\/p>\n","protected":false},"excerpt":{"rendered":"<p>Reglamento del Laboratorio de Ingenier\u00eda El\u00e9ctrica &nbsp; &nbsp;Informaci\u00f3n para Alumnos<a class=\"more-link\" href=\"https:\/\/www.fie.umich.mx\/lab-electrica\/reglamento\/\">Leer m\u00e1s \u2192<\/a><\/p>\n","protected":false},"author":2,"featured_media":0,"parent":0,"menu_order":0,"comment_status":"closed","ping_status":"closed","template":"","meta":{"wpupg_custom_link":[],"wpupg_custom_link_behaviour":["default"],"wpupg_custom_image":[],"wpupg_custom_image_id":[],"ngg_post_thumbnail":0,"cybocfi_hide_featured_image":""},"_links":{"self":[{"href":"https:\/\/www.fie.umich.mx\/lab-electrica\/wp-json\/wp\/v2\/pages\/434"}],"collection":[{"href":"https:\/\/www.fie.umich.mx\/lab-electrica\/wp-json\/wp\/v2\/pages"}],"about":[{"href":"https:\/\/www.fie.umich.mx\/lab-electrica\/wp-json\/wp\/v2\/types\/page"}],"author":[{"embeddable":true,"href":"https:\/\/www.fie.umich.mx\/lab-electrica\/wp-json\/wp\/v2\/users\/2"}],"replies":[{"embeddable":true,"href":"https:\/\/www.fie.umich.mx\/lab-electrica\/wp-json\/wp\/v2\/comments?post=434"}],"version-history":[{"count":6,"href":"https:\/\/www.fie.umich.mx\/lab-electrica\/wp-json\/wp\/v2\/pages\/434\/revisions"}],"predecessor-version":[{"id":539,"href":"https:\/\/www.fie.umich.mx\/lab-electrica\/wp-json\/wp\/v2\/pages\/434\/revisions\/539"}],"wp:attachment":[{"href":"https:\/\/www.fie.umich.mx\/lab-electrica\/wp-json\/wp\/v2\/media?parent=434"}],"curies":[{"name":"wp","href":"https:\/\/api.w.org\/{rel}","templated":true}]}}

<h3 style="text-align: center;">Reglamento del Laboratorio de Ingeniería Eléctrica</h3>
<p>&nbsp;</p>
<p>&nbsp;<strong>Información para Alumnos</strong></p>
<p style="text-align: left;"><strong>1.- ALUMNOS CON HORARIO DE LABORATORIO. </strong></p>
<p style="text-align: justify;"><strong>&nbsp;</strong>Son los alumnos que cursan materias curriculares en el Laboratorio de Ingeniería Eléctrica y que hacen uso de las instalaciones del laboratorio en el horario correspondiente a dicha materia.</p>
<p style="text-align: left;"><strong>2.- USO DE LAS AREAS DE TRABAJO. </strong></p>
<p style="text-align: justify; padding-left: 40px;">a) Las áreas de trabajo que se denominan, LE Máquinas, LE Mesas y LE Mesas de Potencia, tienen una capacidad de 12 alumnos, cuyo límite no podrá ser sobrepasado sin la autorización del Jefe del Laboratorio.</p>
<p style="text-align: justify; padding-left: 40px;">b) Se dará prioridad al profesor que por horario tenga necesidad de utilizar las áreas de trabajo para la impartición de la materia asignada.</p>
<p style="text-align: justify; padding-left: 40px;">c) Si se hace necesario el uso del mismo espacio por alguna otra persona ajena al grupo en práctica, se podrá utilizar siempre y cuando el profesor de la materia en horario y el jefe del Laboratorio, den su consentimiento para tal fin, aunado a que se tenga disponibilidad tanto de equipo como de material.</p>
<p style="text-align: justify; padding-left: 40px;">d) Cuando se requiera el uso de un área y ésta se encuentre desocupada se podrá usar por la persona solicitante y de preferencia teniendo la asesoría del profesor de la materia.</p>
<p style="text-align: left; padding-left: 40px;">&nbsp;</p>
<p style="text-align: left;"><strong>3.- USO DEL ALMACEN. </strong></p>
<p style="text-align: justify;"><strong>&nbsp;</strong>Será responsabilidad del almacén y equipo que se encuentra en él, tanto al jefe, subjefe, técnicos y ayudantes de técnicos, quienes dispondrán del equipo tanto para préstamo a grupos en horario como a personas fuera del mismo, previo vale al almacén.</p>
<p style="text-align: justify;">Saliendo el equipo del almacén dejarán de ser responsables los anteriormente mencionados y su lugar lo ocupará el profesor de la materia quien reportará los daños que se presenten a los equipos en uso, para que los responsables deslinden responsabilidades.</p>
<p style="text-align: justify;">En caso de que el equipo lo solicite un alumno éste se responsabilizará del correcto uso y daños posibles al mismo. Así mismo podrá hacerse acreedor a las sanciones que la jefatura del laboratorio considere.</p>
<p style="text-align: left;"><strong>&nbsp;</strong></p>
<p style="text-align: left;"><strong>4.- USO DEL EQUIPO Y HERRAMIENTA. </strong></p>
<p style="text-align: justify;"><strong>&nbsp;</strong>Podrán hacer uso del equipo y herramienta todo personal administrativo, académico y alumnos que así lo soliciten, dentro de las instalaciones del laboratorio previo vale al almacén, acompañado de una identificación vigente con fotografía.</p>
<p style="text-align: justify;">Si por algún motivo se requiriese del equipo fuera de las instalaciones antes mencionadas la autorización tendrá que ser dada por el Jefe del Laboratorio.</p>
<p style="text-align: justify;">El personal solicitante se responsabilizará del buen uso que se le dé al equipo y herramienta solicitada, haciéndose acreedor a las sanciones que la jefatura considere en caso de dañar el equipo o herramientas.</p>
<p style="text-align: left;">&nbsp;</p>
<p style="text-align: left;"><strong>5.- DE LAS SANCIONES A LOS USUARIOS. </strong></p>
<p style="text-align: justify;">En caso de que algún usuario cometa alguna falta, la jefatura del laboratorio aplicará la sanción que a su juicio sea conveniente o turnar el caso al H. Consejo Técnico de la Facultad si así lo considera por ser una falta grave.</p>
<p style="text-align: justify;">Las sanciones que podrán aplicarse a quienes violen las disposiciones de este reglamento, cometan daño o realicen cualquier acto ilícito en el Laboratorio son, de acuerdo a la falta cometida:</p>
<p style="padding-left: 40px; text-align: left;">a) Llamada de atención verbal.</p>
<p style="padding-left: 40px; text-align: left;">b) Llamada de atención escrita.</p>
<p style="padding-left: 40px; text-align: left;">c) Suspensión temporal del servicio.</p>
<p style="padding-left: 40px; text-align: left;">d) Suspensión definitiva del servicio.</p>
<p style="padding-left: 40px; text-align: justify;">e) La que dicten las autoridades correspondientes, en función de la gravedad de la falta cometida, atendiendo a la legislación Universitaria.</p>
<p style="text-align: justify;">Las llamadas de atención podrán ser aplicadas de inmediato por la jefatura del laboratorio, quien las registrará con el fin de llevar un control.</p>
<p style="text-align: justify;">Las faltas a lo establecido en el presente reglamento que cometan los usuarios serán reportadas por el encargado a la jefatura, para que éste de la sanción correspondiente.</p>
<p style="text-align: justify;">La acumulación de dos llamadas de atención verbal y/o escrita por un usuario, ameritará la suspensión temporal del servicio del laboratorio.</p>
<p style="text-align: justify;">El usuario será suspendido definitivamente del laboratorio de acuerdo a los siguientes criterios:</p>
<p style="padding-left: 40px; text-align: left;">a) Reincidencia en el mal comportamiento.</p>
<p style="padding-left: 40px; text-align: left;">b) Daños o alteraciones en las instalaciones.</p>
<p style="padding-left: 40px; text-align: left;">c) Daños o alteraciones a equipo y herramienta ocasionados con dolo o negligencia.</p>
<p style="padding-left: 40px; text-align: left;">d) Extracción de material herramientas o equipo sin autorización.</p>
<p style="padding-left: 40px; text-align: left;">e) Robo de material, herramienta o equipo.</p>
<p style="padding-left: 40px; text-align: left;">f) Conducta inapropiada.</p>
<p style="padding-left: 40px; text-align: left;">g) Actos que pongan en peligro la seguridad de terceros ya sea por negligencia o por premeditación.</p>
<p style="text-align: justify;">La suspensión temporal a un usuario podrá contemplar de 1 a 8 semanas y se le comunicará por escrito, impidiendo su ingreso al laboratorio. Se turnará inmediatamente el caso a las autoridades correspondientes si un usuario incide en faltas de probidad, de honradez, en actos de violencia contra el personal, compañeros, profesores, instalaciones o si se ha cometido una falta en extremo grave.</p>
<p style="text-align: left;">&nbsp;</p>
<p style="text-align: center;"><strong>Atentamente</strong></p>
<p style="text-align: center;"><strong>Jefe del Laboratorio de Eléctrica.</strong></p>

<p>Reglamento del Laboratorio de Ingeniería Eléctrica &nbsp; &nbsp;Información para Alumnos<a class="more-link" href="https://www.fie.umich.mx/lab-electrica/reglamento/">Leer más →</a></p>
